hen u is divided by 12.
10
Suppose 2*i - 49 = 25. Let h(j) = 10*j**2. Suppose 2*u + 3 = -u. Calculate the remainder when i is divided by h(u).
7
Let g = -185 + 357. Suppose -m - g = -5*m - r, 0 = -5*m + 2*r + 215. Suppose 3*n + 2*a = 58, -n + a - 17 = -m. Calculate the remainder when n is divided by 8.
6
Suppose -4*q + 2*q + t = -195, -3*q + t = -290. Suppose 0 = -5*i - 4*m + 81 + 83, -2*m + 98 = 3*i. What is the remainder when q is divided by i?
31
Suppose 0 = 4*t - t - 36. Calculate the remainder when (-4)/6 - (-143)/3 is divided by t.
11
Let k = 22 - 6. Calculate the remainder when 63 is divided by k.
15
Let i = 123 + -74. Calculate the remainder when i is divided by 17.
15
Let g be (-6)/(-21) + 352/(-7). Let k = g + 79. Calculate the remainder when k is divided by 10.
9
Let s(h) be the first derivative of -h**3/3 + 11*h**2/2 - h + 2. Calculate the remainder when s(6) is divided by (-1)/((-57)/(-30) + 4/(-2)).
9
Let n(z) = 3*z**2 + 4*z + 3. What is the remainder when n(-6) is divided by 30?
27
Suppose 5 + 3 = -2*z. Let v be (-18)/(-12)*z/(-3). Suppose -5*u + 3*u + 5*n + 15 = 0, 24 = v*u + 4*n. Calculate the remainder when 19 is divided by u.
9
Let g be -2 - (-1 + (-1 - -2)). Let v(j) = -2*j - 2. What is the remainder when 15 - (g/1 - -2) is divided by v(-3)?
3
Let v(a) = a - 1. Let j be v(3). Suppose -15 = j*h - 127. Calculate the remainder when h is divided by 19.
18
Let j = 19 - -10. Calculate the remainder when j is divided by (5 + -6)/(4/(-32)).
5
Let j = 25 + -46. Let p = j - -50. Calculate the remainder when p is divided by 16.
13
Suppose -l = -3*l + 8, -n + 7 = -4*l. Let y = n + -17. Calculate the remainder when 22 is divided by y.
4
Let p(j) = -107*j - 10. What is the remainder when p(-1) is divided by 20?
17
Let y be 106/(-10) + 15/25. Let c = 29 - y. What is the remainder when c is divided by 10?
9
Let s(a) = -10*a + 7. Calculate the remainder when s(-10) is divided by 37.
33
Let w be 78/12 - 6/4. Suppose -2*a + w*a - 9 = 0. Suppose 2*h + 0*h - 11 = -t, -h = a. What is the remainder when t is divided by 9?
8
Let v(y) = 3*y - 6. Let m = -81 - -123. Suppose 0*i = i - m. What is the remainder when i is divided by v(7)?
12
Suppose 24 = 4*t - 16. What is the remainder when ((-57)/(-5))/(1/5) is divided by (-1 - 1)/(t/(-75))?
12
Let h = 40 - 28. What is the remainder when h is divided by (-57)/(-11) + (36/44 - 1)?
2
Suppose 4*y + 0*y - 23 = -3*k, -4*k + 24 = 2*y. Calculate the remainder when 19 is divided by k.
4
Suppose -2*x - 4*q = 3*x - 31, -2 = -2*x + q. Suppose 0*z + 63 = x*z. Suppose -v + 0*v + 3*i = -22, v - z = 4*i. What is the remainder when v is divided by 13?
12
Let r = -57 + 95. Calculate the remainder when r is divided by 14.
10
Let c(u) be the first derivative of u**3/3 + 5*u**2/2 + 5*u + 1. What is the remainder when c(-6) is divided by 6?
5
Suppose 0*d + d = 2. Let f be ((-21)/(-6))/(d/12). Let i = f + -11. What is the remainder when 29 is divided by i?
9
Let m = -55 + 79. Suppose -i - 138 = -2*x, 0 = 2*x - 4*x + 5*i + 130. What is the remainder when x is divided by m?
22
Suppose 0 = 3*x - 5*p - 22, 15 + 19 = x + 5*p. Suppose -x - 16 = -3*g. What is the remainder when 27 is divided by g?
7
Let k(s) = -s**3 + 6*s**2 - s + 4. Let w be 2/(-5) - 32/(-5). Let j be k(w). Calculate the remainder when ((-1)/(-2))/(j/(-52)) is divided by 7.
6
Let m(c) = c - 4. Let f = 11 - 7. Let s be m(f). Suppose -5*w = 2*a - 40, s*w - w = a - 17. Calculate the remainder when 44 is divided by a.
14
Let l = 146 + -84. Let z be -2 + -1*(-3 - 2). Let d(a) = 7*a. What is the remainder when l is divided by d(z)?
20
Suppose -40 = -k - 3*k. Let x(q) = -2*q + 6. What is the remainder when x(-6) is divided by k?
8
Let x(k) = k**2 - 20*k + 10. What is the remainder when x(20) is divided by 6?
4
Suppose 2*i + 2*a - 92 = -0*i, -4*i = -4*a - 168. What is the remainder when i is divided by 15?
14
Let a = 19 - 2. Calculate the remainder when a is divided by 5.
2
Let l(k) = 2*k + 41. What is the remainder when l(8) is divided by 15?
12
Let d be 6/(-2) - -8 - 1. Suppose -5*q - 2*w = -168, -4*w + 2*w = q - 32. What is the remainder when q is divided by 14 - 5*d/10?
10
Let a(u) = u**2 + 7*u + 10. Suppose -3*m - 4*x + 2 + 14 = 0, -4*x + 16 = 5*m. Let h = -7 + m. Calculate the remainder when 39 is divided by a(h).
9
Let v = 4 - 4. Suppose v = 4*m - 24 - 0. What is the remainder when m is divided by 4?
2
Let q(j) = 8*j + 1. Suppose -5*s + 5*m + 0*m + 140 = 0, 139 = 4*s + 5*m. What is the remainder when s is divided by q(2)?
14
Let w(m) = m**2 - 6*m + 7. Let y be w(5). Suppose -15 = -j + y. Calculate the remainder when 49 is divided by j.
15
Let z(x) = -5*x - 1. Let o be z(1). What is the remainder when 23 is divided by (-2)/(-6) - 46/o?
7
Let t be (-66)/(-8)*48/18. Suppose -3*i - 35 - 24 = -5*g, -2*g + t = -2*i. What is the remainder when 23 is divided by g?
10
Let z = -16 + 95. Calculate the remainder when z is divided by 27.
25
Suppose 2*q - 4*q + 37 = 3*o, q = 3*o - 49. Let m(j) = j - 7. Calculate the remainder when 23 is divided by m(o).
7
Let z(k) = k**3 - 6*k**2 - 12*k + 7. Calculate the remainder when z(8) is divided by 10.
9
Suppose 3*q - 2*v = v + 210, 0 = 3*q + 5*v - 170. Let j = q + -31. Calculate the remainder when j is divided by 12.
10
Suppose 2*f + 0*f = 0. Suppose -l + 6 + 3 = f. What is the remainder when 24 is divided by l?
6
Suppose 0*t = -t. Let f(d) = d + 9. Let r(p) = -p**3 + 3*p**2 + 1. What is the remainder when f(t) is divided by r(2)?
4
Suppose -20 = -7*b + 3*b. Suppose -b*l + 70 = -0*l. What is the remainder when l is divided by 4?
2
Let d(y) = 22*y. Let a be d(-3). Let s be a/(-1) - (-5 - -4). Suppose m = -17 + s. Calculate the remainder when m is divided by 17.
16
Let i = 8 - 7. Let l(m) = -i - 5 - 1 + 1 - m**2 + 8*m. Calculate the remainder when 21 is divided by l(6).
3
Suppose 3*w + 5*j - 99 = 0, -w + 165 = 4*w + 2*j. What is the remainder when 64 is divided by w?
31
Let c = -2 - -4. Calculate the remainder when ((-3)/(-5))/(3/10) is divided by c.
0
Let a(z) = z**3 - 3*z**2 - 11*z + 23. Calculate the remainder when a(6) is divided by 23.
19
Suppose -d + 5*d - 72 = 0. Suppose d = 3*v - 27. What is the remainder when v is divided by 8?
7
Suppose 3*r = 3*s + 414, -r - 683 = -6*r - 2*s. Let i = r - 96. What is the remainder when i is divided by 21?
20
Let h(r) = -r**3 - 15*r**2 - 56*r + 13. What is the remainder when h(-8) is divided by 1 - (-1)/(1/7)?
5
Suppose 51*u = 47*u + 320. What is the remainder when u is divided by 3?
2
Let a = 208 - 113. Calculate the remainder when a is divided by 48.
47
Let o(k) = -k**3 + k. Let x be o(-2). Let b be ((-1)/(-2))/((-1)/x). Let s = b - -7. Calculate the remainder when 7 is divided by s.
3
Let i(v) = -v + 1. Let g(p) = -6*p + 13. Let z(d) = -g(d) + 2*i(d). Calculate the remainder when 97 is divided by z(9).
22
Suppose 18*h + 41 = 19*h. Calculate the remainder when h is divided by 17.
7
What is the remainder when 50 is divided by (104/(-16))/(-2 - 6/(-4))?
11
Suppose 3*a + 3*j - 21 = 0, -a + 5*a - 40 = -j. Suppose 2*x = a + 3. Suppose -12 = -3*b - 0*b. Calculate the remainder when x is divided by b.
3
Suppose -x + 5*x = 8. Calculate the remainder when (1 - (-1 + 4))/(-1) is divided by x.
0
Suppose 18 = 4*u - 30. Suppose 3*k = -0*k + u. Calculate the remainder when 11 is divided by k.
3
Let g = 80 + 451. What is the remainder when (2/3)/(6/g) is divided by 30?
29
Let o = 68 - 39. Calculate the remainder when o is divided by 11.
7
Let o(c) = -25*c**2 + 3*c - 1. Let u be o(1). Let f = 102 + u. What is the remainder when f is divided by 20?
19
Let h = 113 + -66. Calculate the remainder when h is divided by 25.
22
Suppose 0 = -3*c + 27 - 6. Calculate the remainder when 10 is divided by c.
3
Let m = 55 + -39. Let h = -16 + 22. Calculate the remainder when m is divided by h.
4
Let z(c) = 7*c - 10. Suppose -21 = 4*a - 7*a. What is the remainder when z(a) is divided by 7?
4
Let w = 375 + -264. Suppose -2*v + 4*p = -50, 3*v - w + 36 = -2*p. Calculate the remainder when 97 is divided by v.
22
Suppose 0 = -7*t + 3*t + 48. What is the remainder when 33 is divided by t?
9
Let x(y) = -y**2 - 7*y + 6. Let p(d) = -d**2 - 13*d - 9. Let v be p(-12). Suppose -3*m = -30 - v. What is the remainder when m is divided b